f 13042.
2, 6521
What are the prime factors of 255?
3, 5, 17
List the prime factors of 344.
2, 43
List the prime factors of 522.
2, 3, 29
List the prime factors of 4854.
2, 3, 809
List the prime factors of 6847.
41, 167
List the prime factors of 40100.
2, 5, 401
List the prime factors of 31283.
7, 41, 109
What are the prime factors of 1901?
1901
What are the prime factors of 4815?
3, 5, 107
List the prime factors of 116982.
2, 3, 67, 97
List the prime factors of 14713.
14713
List the prime factors of 1896.
2, 3, 79
What are the prime factors of 15569?
15569
What are the prime factors of 333?
3, 37
What are the prime factors of 94069?
19, 4951
List the prime factors of 2712.
2, 3, 113
What are the prime factors of 78538?
2, 107, 367
What are the prime factors of 6372?
2, 3, 59
What are the prime factors of 32316?
2, 3, 2693
What are the prime factors of 386?
2, 193
What are the prime factors of 93363?
3, 31121
List the prime factors of 15857.
101, 157
What are the prime factors of 3834?
2, 3, 71
List the prime factors of 8582.
2, 7, 613
What are the prime factors of 114367?
11, 37, 281
List the prime factors of 2288.
2, 11, 13
List the prime factors of 23699.
13, 1823
What are the prime factors of 64213?
157, 409
List the prime factors of 1707.
3, 569
List the prime factors of 1298.
2, 11, 59
List the prime factors of 5901.
3, 7, 281
List the prime factors of 9814.
2, 7, 701
What are the prime factors of 6014?
2, 31, 97
List the prime factors of 2180.
2, 5, 109
What are the prime factors of 38361?
3, 19, 673
What are the prime factors of 21736?
2, 11, 13, 19
List the prime factors of 902.
2, 11, 41
What are the prime factors of 134820?
2, 3, 5, 7, 107
List the prime factors of 15201.
3, 563
What are the prime factors of 7136?
2, 223
List the prime factors of 86333.
13, 29, 229
List the prime factors of 954.
2, 3, 53
What are the prime factors of 1137?
3, 379
What are the prime factors of 16198?
2, 7, 13, 89
What are the prime factors of 11490?
2, 3, 5, 383
What are the prime factors of 4341?
3, 1447
What are the prime factors of 2037?
3, 7, 97
What are the prime factors of 7600?
2, 5, 19
What are the prime factors of 57753?
3, 23, 31
What are the prime factors of 438?
2, 3, 73
What are the prime factors of 92?
2, 23
List the prime factors of 14309.
41, 349
What are the prime factors of 17?
17
List the prime factors of 974.
2, 487
What are the prime factors of 19274?
2, 23, 419
List the prime factors of 4117.
23, 179
What are the prime factors of 11200?
2, 5, 7
List the prime factors of 14916.
2, 3, 11, 113
List the prime factors of 136352.
2, 4261
List the prime factors of 40804.
2, 101
What are the prime factors of 1216?
2, 19
List the prime factors of 325.
5, 13
List the prime factors of 2358.
2, 3, 131
What are the prime factors of 19504?
2, 23, 53
What are the prime factors of 1026?
2, 3, 19
What are the prime factors of 5563?
5563
What are the prime factors of 1061?
1061
What are the prime factors of 45511?
71, 641
List the prime factors of 2473.
2473
List the prime factors of 2054.
2, 13, 79
List the prime factors of 5690.
2, 5, 569
What are the prime factors of 5323?
5323
What are the prime factors of 142796?
2, 29, 1231
What are the prime factors of 1967?
7, 281
List the prime factors of 1200.
2, 3, 5
List the prime factors of 410.
2, 5, 41
List the prime factors of 511.
7, 73
What are the prime factors of 175?
5, 7
List the prime factors of 4603.
4603
What are the prime factors of 83048?
2, 7, 1483
List the prime factors of 67503.
3, 22501
List the prime factors of 3165.
3, 5, 211
List the prime factors of 21633.
3, 7211
List the prime factors of 67992.
2, 3, 2833
What are the prime factors of 24?
2, 3
List the prime factors of 92504.
2, 31, 373
List the prime factors of 9217.
13, 709
List the prime factors of 1347.
3, 449
List the prime factors of 3235.
5, 647
List the prime factors of 22717.
22717
What are the prime factors of 186493?
251, 743
What are the prime factors of 515?
5, 103
List the prime factors of 8480.
2, 5, 53
What are the prime factors of 63221?
191, 331
What are the prime factors of 92?
2, 23
What are the prime factors of 25263?
3, 7, 401
List the prime factors of 2022.
2, 3, 337
List the prime factors of 3220.
2, 5, 7, 23
What are the prime factors of 17208?
2, 3, 239
What are the prime factors of 5973?
3, 11, 181
What are the prime factors of 274?
2, 137
What are the prime factors of 2775?
3, 5, 37
List the prime factors of 53400.
2, 3, 5, 89
What are the prime factors of 3323?
3323
List the prime factors of 66514.
2, 7, 4751
List the prime factors of 980.
2, 5, 7
What are the prime factors of 1440?
2, 3, 5
List the prime factors of 15258.
2, 3, 2543
What are the prime factors of 1645?
5, 7, 47
List the prime factors of 22322.
2, 11161
What are the prime factors of 60548?
2, 15137
List the prime factors of 5424.
2, 3, 113
What are the prime factors of 14476?
2, 7, 11, 47
List the prime factors of 60632.
2, 11, 13, 53
List the prime factors of 684.
2, 3, 19
What are the prime factors of 1335?
3, 5, 89
List the prime factors of 1168.
2, 73
List the prime factors of 1432.
2, 179
List the prime factors of 10372.
2, 2593
What are the prime factors of 26705?
5, 7, 109
What are the prime factors of 5652?
2, 3, 157
What are the prime factors of 3053?
43, 71
What are the prime factors of 265?
5, 53
List the prime factors of 972.
2, 3
What are the prime factors of 116426?
2, 23, 2531
What are the prime factors of 49440?
2, 3, 5, 103
List the prime factors of 12082.
2, 7, 863
What are the prime factors of 4181?
37, 113
What are the prime factors of 2074?
2, 17, 61
What are the prime factors of 223?
223
List the prime factors of 44629.
13, 3433
List the prime factors of 58668.
2, 3, 4889
What are the prime factors of 116?
2, 29
List the prime factors of 4635.
3, 5, 103
List the prime factors of 11494.
2, 7, 821
What are the prime factors of 7385?
5, 7, 211
What are the prime factors of 13454?
2, 7, 31
What are the prime factors of 11542?
2, 29, 199
List the prime factors of 19728.
2, 3, 137
What are the prime factors of 1182?
2, 3, 197
List the prime factors of 33226.
2, 37, 449
What are the prime factors of 548?
2, 137
List the prime factors of 12607.
7, 1801
What are the prime factors of 2647?
2647
What are the prime factors of 27112?
2, 3389
List the prime factors of 68319.
3, 7591
List the prime factors of 2568.
2, 3, 107
What are the prime factors of 992?
2, 31
What are the prime factors of 26923?
13, 19, 109
List the prime factors of 1422.
2, 3, 79
What are the prime factors of 4248?
2, 3, 59
What are the prime factors of 26?
2, 13
List the prime factors of 168.
2, 3, 7
What are the prime factors of 32761?
181
What are the prime factors of 1019?
1019
What are the prime factors of 3439?
19, 181
What are the prime factors of 1821?
3, 607
List the prime factors of 161137.
161137
What are the prime factors of 9912?
2, 3, 7, 59
List the prime factors of 3582.
2, 3, 199
List the prime factors of 606.
2, 3, 101
List the prime factors of 15814.
2, 7907
List the prime factors of 6782.
2, 3391
What are the prime factors of 9781?
9781
List the prime factors of 52965.
3, 5, 11, 107
What are the prime factors of 4810?
2, 5, 13, 37
What are the prime factors of 10672?
2, 23, 29
What are the prime factors of 18743?
18743
What are the prime factors of 56176?
2, 3511
What are the prime factors of 28936?
2, 3617
List the prime factors of 882.
2, 3, 7
List the prime factors of 3798.
2, 3, 211
What are the prime factors of 186637?
11, 19, 47
What are the prime factors of 1750?
2, 5, 7
List the prime factors of 770.
2, 5, 7, 11
What are the prime factors of 950?
2, 5, 19
List the prime factors of 32997.
3, 17, 647
List the prime factors of 22720.
2, 5, 71
What are the prime factors of 17578?
2, 11, 17, 47
What are the prime factors of 3738?
2, 3, 7, 89
List the prime factors of 9728.
2, 19
What are the prime factors of 33328?
2, 2083
What are the prime factors of 14501?
17, 853
List the prime factors of 2353.
13, 181
List the prime factors of 1399.
1399
What are the prime factors of 5429?
61, 89
What are the prime factors of 21389?
73, 293
What are the prime factors of 22949?
53, 433
What are the prime factors of 1308?
2, 3, 109
List th